{"id":1198,"date":"2020-02-09T21:07:46","date_gmt":"2020-02-09T20:07:46","guid":{"rendered":"https:\/\/zuercher-consulting.ch\/audio\/filme\/"},"modified":"2024-01-24T15:56:27","modified_gmt":"2024-01-24T14:56:27","slug":"filme","status":"publish","type":"page","link":"https:\/\/zuercher-consulting.ch\/audio\/sortiment\/filme\/","title":{"rendered":"Video Control Konsole"},"content":{"rendered":"<p class=\"Justified16\" dir=\"ltr\"><span class=\"Title48\"><strong>Zappiti Video Control &#8211; <span class=\"Normal24\">Steuern Sie Ihre Videobibliothek mittels einem Zappiti Player 4K \/ Zappiti 4K HDR.<\/span><\/strong><\/span><\/p>\n<p class=\"Normal18\" dir=\"ltr\"><em>Zappiti Video Control ist eine App f\u00fcr Tablets und Smartphones f\u00fcr Android und iOS, mit der Sie Ihren Zappiti-Player (4K oder 4K HDR) steuern und Ihre Videobibliothek verwalten k\u00f6nnen.<\/em><\/p>\n<p class=\"Justified16\">Mit Zappiti Video Control k\u00f6nnen Sie Ihre Filmsammlung direkt von Ihrem Tablet oder Smartphone aus verwalten.\u00a0Wenn Sie beispielsweise ein Filmcover \u00e4ndern, wird das Bild sofort auf allen Ihren Zappiti-Playern in Ihrem Zuhause ge\u00e4ndert.\u00a0Sie k\u00f6nnen auch eine virtuelle Fernbedienung anzeigen, um Ihre Zappiti Media Player zu steuern.<\/p>\n<p class=\"Justified14\">Zappiti Video Control ist mit folgenden Mediaplayern kompatibel:<br \/>\n&#8211; Zappiti One 4K HDR<br \/>\n&#8211; Zappiti Mini 4K HDR<br \/>\n&#8211; Zappiti Duo 4K HDR<br \/>\n&#8211; Zappiti Player 4K<br \/>\n&#8211; Zappiti Player 4K Mini<br \/>\n&#8211; Zappiti Player 4K Duo<\/p>\n<p>Gerne demonstrieren wir Ihnen Live, wie die Konsole funktioniert.<\/p>\n<p><a href=\"https:\/\/www.zappiti.com\/\" target=\"_blank\" rel=\"noopener noreferrer\">Link<\/a><\/p>\n<p><a href=\"https:\/\/zuercher-consulting.ch\/audio\/kontakt\/\" target=\"_blank\" rel=\"noopener noreferrer\">Kontakt<\/a><\/p>\n<p><a href=\"https:\/\/zuercher-consulting.ch\/audio\/wp-content\/uploads\/sites\/2\/2020\/05\/Zappiti-PRO-4K-HDR.jpg\"><img loading=\"lazy\" decoding=\"async\" class=\"alignnone wp-image-1463\" src=\"https:\/\/zuercher-consulting.ch\/audio\/wp-content\/uploads\/sites\/2\/2020\/05\/Zappiti-PRO-4K-HDR-300x152.jpg\" alt=\"\" width=\"446\" height=\"226\" srcset=\"https:\/\/zuercher-consulting.ch\/audio\/wp-content\/uploads\/sites\/2\/2020\/05\/Zappiti-PRO-4K-HDR-300x152.jpg 300w, https:\/\/zuercher-consulting.ch\/audio\/wp-content\/uploads\/sites\/2\/2020\/05\/Zappiti-PRO-4K-HDR-1024x519.jpg 1024w, https:\/\/zuercher-consulting.ch\/audio\/wp-content\/uploads\/sites\/2\/2020\/05\/Zappiti-PRO-4K-HDR-768x389.jpg 768w, https:\/\/zuercher-consulting.ch\/audio\/wp-content\/uploads\/sites\/2\/2020\/05\/Zappiti-PRO-4K-HDR-789x400.jpg 789w, https:\/\/zuercher-consulting.ch\/audio\/wp-content\/uploads\/sites\/2\/2020\/05\/Zappiti-PRO-4K-HDR-230x117.jpg 230w, https:\/\/zuercher-consulting.ch\/audio\/wp-content\/uploads\/sites\/2\/2020\/05\/Zappiti-PRO-4K-HDR-120x61.jpg 120w, https:\/\/zuercher-consulting.ch\/audio\/wp-content\/uploads\/sites\/2\/2020\/05\/Zappiti-PRO-4K-HDR.jpg 1200w\" sizes=\"auto, (max-width: 446px) 100vw, 446px\" \/><\/a><\/p>\n","protected":false},"excerpt":{"rendered":"Zappiti Video Control &#8211; Steuern Sie Ihre Videobibliothek mittels einem Zappiti Player 4K \/ Zappiti 4K HDR. Zappiti Video Control ist eine App f\u00fcr Tablets und Smartphones f\u00fcr Android und iOS, mit der Sie Ihren Zappiti-Player (4K oder 4K HDR) steuern und Ihre Videobibliothek verwalten k\u00f6nnen. Mit Zappiti Video Control k\u00f6nnen Sie Ihre Filmsammlung direkt von Ihrem Tablet oder Smartphone aus verwalten.\u00a0Wenn Sie beispielsweise ein Filmcover \u00e4ndern, wird das Bild sofort auf allen Ihren Zappiti-Playern in Ihrem Zuhause ge\u00e4ndert.\u00a0Sie k\u00f6nnen auch eine virtuelle Fernbedienung anzeigen, um Ihre Zappiti Media Player zu steuern. Zappiti Video Control ist mit folgenden Mediaplayern kompatibel:&#8230;","protected":false},"author":4,"featured_media":1463,"parent":342,"menu_order":10,"comment_status":"closed","ping_status":"closed","template":"","meta":{"_acf_changed":false,"footnotes":""},"class_list":["post-1198","page","type-page","status-publish","has-post-thumbnail","hentry"],"acf":[],"_links":{"self":[{"href":"https:\/\/zuercher-consulting.ch\/audio\/wp-json\/wp\/v2\/pages\/1198","targetHints":{"allow":["GET"]}}],"collection":[{"href":"https:\/\/zuercher-consulting.ch\/audio\/wp-json\/wp\/v2\/pages"}],"about":[{"href":"https:\/\/zuercher-consulting.ch\/audio\/wp-json\/wp\/v2\/types\/page"}],"author":[{"embeddable":true,"href":"https:\/\/zuercher-consulting.ch\/audio\/wp-json\/wp\/v2\/users\/4"}],"replies":[{"embeddable":true,"href":"https:\/\/zuercher-consulting.ch\/audio\/wp-json\/wp\/v2\/comments?post=1198"}],"version-history":[{"count":15,"href":"https:\/\/zuercher-consulting.ch\/audio\/wp-json\/wp\/v2\/pages\/1198\/revisions"}],"predecessor-version":[{"id":1913,"href":"https:\/\/zuercher-consulting.ch\/audio\/wp-json\/wp\/v2\/pages\/1198\/revisions\/1913"}],"up":[{"embeddable":true,"href":"https:\/\/zuercher-consulting.ch\/audio\/wp-json\/wp\/v2\/pages\/342"}],"wp:featuredmedia":[{"embeddable":true,"href":"https:\/\/zuercher-consulting.ch\/audio\/wp-json\/wp\/v2\/media\/1463"}],"wp:attachment":[{"href":"https:\/\/zuercher-consulting.ch\/audio\/wp-json\/wp\/v2\/media?parent=1198"}],"curies":[{"name":"wp","href":"https:\/\/api.w.org\/{rel}","templated":true}]}}